 of 4437?
False
Is 24 a factor of 5688?
True
Does 33 divide 561?
True
Is 25 a factor of 66250?
True
Is 2 a factor of 1708?
True
Does 9 divide 1127?
False
Does 125 divide 3750?
True
Does 52 divide 3507?
False
Is 1212 a multiple of 6?
True
Is 2 a factor of 187?
False
Does 39 divide 5187?
True
Is 14548 a multiple of 18?
False
Is 1957 a multiple of 35?
False
Is 40172 a multiple of 332?
True
Does 5 divide 175?
True
Does 17 divide 154?
False
Does 49 divide 735?
True
Does 16 divide 26992?
True
Is 11 a factor of 2105?
False
Is 67 a factor of 4489?
True
Is 53 a factor of 833?
False
Is 15776 a multiple of 102?
False
Is 122 even?
True
Is 1889 a multiple of 18?
False
Does 9 divide 857?
False
Is 76 a factor of 1824?
True
Is 1475 a multiple of 100?
False
Is 6 a factor of 594?
True
Does 20 divide 100?
True
Is 13 a factor of 7231?
False
Does 43 divide 67295?
True
Is 2 a factor of 268?
True
Is 1073 a multiple of 37?
True
Does 19 divide 124?
False
Is 49 a factor of 1602?
False
Is 6480 a multiple of 81?
True
Is 12 a factor of 1655?
False
Is 935 a multiple of 5?
True
Is 5 a factor of 160?
True
Is 164 a multiple of 4?
True
Is 315 a multiple of 7?
True
Is 5 a factor of 50?
True
Is 19809 a multiple of 31?
True
Is 7 a factor of 1246?
True
Is 38 a factor of 1672?
True
Is 5 a factor of 930?
True
Does 11 divide 75787?
False
Does 65 divide 5634?
False
Is 220 a factor of 122980?
True
Is 768 a multiple of 6?
True
Does 2 divide 76?
True
Does 5 divide 2393?
False
Is 3735 a multiple of 144?
False
Is 5880 a multiple of 15?
True
Does 30 divide 5454?
False
Is 7456 a multiple of 24?
False
Does 13 divide 22942?
False
Is 4145 a multiple of 21?
False
Is 37 a factor of 1314?
False
Is 20 a factor of 160?
True
Does 41 divide 27593?
True
Is 2704 a multiple of 16?
True
Is 1104 a multiple of 69?
True
Is 380 a multiple of 4?
True
Is 33 a factor of 2013?
True
Is 51 a factor of 2448?
True
Is 2894 even?
True
Is 5395 a multiple of 8?
False
Is 4345 a multiple of 55?
True
Is 4 a factor of 10925?
False
Is 59 a factor of 53100?
True
Is 17 a factor of 4491?
False
Does 49 divide 14060?
False
Is 609 a multiple of 21?
True
Is 23 a factor of 665?
False
Is 5 a factor of 1980?
True
Does 111 divide 892?
False
Is 19 a factor of 152?
True
Does 8 divide 148?
False
Is 100 a factor of 14000?
True
Does 77 divide 770?
True
Is 8705 a multiple of 5?
True
Does 26 divide 2808?
True
Is 214 a factor of 38092?
True
Does 23 divide 299?
True
Is 48 a factor of 984?
False
Is 1639 a multiple of 13?
False
Is 56 a factor of 9520?
True
Is 57 a factor of 970?
False
Is 12 a multiple of 6?
True
Is 16682 a multiple of 201?
False
Is 1166 a multiple of 157?
False
Is 11 a factor of 1232?
True
Does 93 divide 279?
True
Is 140 a multiple of 28?
True
Is 5252 a multiple of 17?
False
Is 12 a factor of 8360?
False
Is 38 a factor of 494?
True
Is 23 a factor of 529?
True
Is 46 a factor of 13938?
True
Is 470 a multiple of 10?
True
Is 2698 a multiple of 142?
True
Is 39 a factor of 3131?
False
Does 41 divide 585?
False
Does 45 divide 4351?
False
Is 12072 a multiple of 24?
True
Is 102 a factor of 21726?
True
Is 5768 a multiple of 4?
True
Is 24 a factor of 1680?
True
Is 1681 a multiple of 41?
True
Is 3 a factor of 10228?
False
Is 35 a factor of 382?
False
Does 24 divide 148?
False
Is 11 a factor of 761?
False
Does 5 divide 46?
False
Is 104 a multiple of 14?
False
Is 37 a factor of 1646?
False
Is 17 a factor of 10957?
False
Is 133 a multiple of 19?
True
Does 6 divide 1554?
True
Does 70 divide 20009?
False
Is 201 a factor of 6011?
False
Is 130 a factor of 29914?
False
Is 4929 a multiple of 93?
True
Does 80 divide 21717?
False
Does 16 divide 37298?
False
Does 66 divide 941?
False
Does 10 divide 1330?
True
Is 17507 a multiple of 19?
False
Is 29998 a multiple of 106?
True
Is 3636 a multiple of 7?
False
Does 51 divide 22797?
True
Does 2 divide 2054?
True
Does 12 divide 228?
True
Does 26 divide 390?
True
Is 52430 a multiple of 107?
True
Is 39 a factor of 1367?
False
Is 1530 a multiple of 11?
False
Is 912 a multiple of 38?
True
Is 14 a factor of 8258?
False
Does 31 divide 28861?
True
Does 33 divide 165?
True
Does 2 divide 180?
True
Does 229 divide 27699?
False
Is 54 a factor of 11152?
False
Is 43 a factor of 4015?
False
Is 1032 a multiple of 43?
True
Is 332 a factor of 40172?
True
Is 14 a factor of 266?
True
Is 2352 a multiple of 16?
True
Is 138603 a multiple of 24?
False
Is 17 a factor of 70402?
False
Is 59 a factor of 5500?
False
Is 3 a factor of 1871?
False
Is 44 a factor of 3828?
True
Is 352 a multiple of 148?
False
Does 18 divide 288?
True
Is 29435 a multiple of 35?
True
Does 13 divide 821?
False
Is 7 a factor of 9339?
False
Does 32 divide 1536?
True
Is 9 a factor of 9?
True
Is 16 a factor of 68835?
False
Is 13140 a multiple of 9?
True
Is 43 a factor of 2312?
False
Does 11 divide 473?
True
Is 2628 a multiple of 36?
True
Is 700 a multiple of 25?
True
Is 5086 a multiple of 29?
False
Is 22 a factor of 16606?
False
Is 185 a factor of 14615?
True
Is 7 a factor of 70?
True
Does 111 divide 44255?
False
Is 9 a factor of 3886?
False
Does 164 divide 13940?
True
Is 146687 a multiple of 267?
False
Does 8 divide 3936?
True
Is 30842 a multiple of 18?
False
Is 15280 a multiple of 185?
False
Does 7 divide 22672?
False
Does 30 divide 193?
False
Is 1070 a multiple of 12?
False
Does 185 divide 26987?
False
Does 243 divide 12228?
False
Is 77 a multiple of 7?
True
Is 3 a factor of 306?
True
Is 76 a factor of 760?
True
Is 23 a factor of 1311?
True
Is 4154 a multiple of 17?
False
Is 54 a factor of 9504?
True
Does 66 divide 43362?
True
Does 51 divide 26051?
False
Is 4059 a multiple of 22?
False
Does 3 divide 27731?
False
Does 11 divide 377?
False
Does 2 divide 153?
False
Does 105 divide 1995?
True
Is 164 a multiple of 4?
True
Is 7872 a multiple of 24?
True
Is 173 a factor of 7575?
False
Is 21 a factor of 139?
False
Is 10088 a multiple of 194?
True
Is 30 a factor of 39030?
True
Is 49 a factor of 4410?
True
Is 21 a factor of 35865?
False
Is 90 a factor of 720?
True
Is 12 a factor of 1980?
True
Is 6 a factor of 914?
False
Does 17 divide 18537?
False
Is 11886 a multiple of 42?
True
Is 23 a factor of 2958?
False
Is 33 a factor of 146?
False
Is 11 a factor of 683?
False
Does 7 divide 496?
False
Is 3152 a multiple of 65?
False
Is 33 a factor of 98934?
True
Is 16704 a multiple of 40?
False
Is 103 a factor of 144200?
True
Is 12 a factor of 6269?
False
Is 2607 a multiple of 33?
True
Does 30 divide 11696?
False
Does 10 divide 330?
True
Does 9 divide 2367?
True
Is 36 a factor of 58140?
True
Does 5 divide 2085?
True
Does 81 divide 57510?
True
Is 267 a multiple of 42?
False
Does 8 divide 552?
True
Is 5880 a multiple of 56?
True
Does 59 divide 8557?
False
Is 2 a factor of 4931?
False
Is 6582 a multiple of 7?
False
Does 4 divide 5008?
True
Does 3 divide 3859?
False
Does 243 divide 23478?
False
Is 22057 a multiple of 30?
False
Does 138 divide 5244?
True
Is 11 a factor of 3099?
False
Is 16 a factor of 146?
False
Is 154 a factor of 28336?
True
Is 22 a factor of 1430?
True
Is 100 a factor of 3890?
False
Is 19 a factor of 76?
True
Is 9 a factor of 351?
True
Does 8 divide 5592?
True
Is 46 a factor of 88426?
False
Is 682 a multiple of 11?
True
Is 4240 a multiple of 53?
True
Is 31581 a multiple of 29?
True
Is 31 a factor of 687?
False
Is 400 a multiple of 4?
True
Does 86 divide 15617?
False
Does 72 divide 4176?
True
Is 8 a factor of 25528?
True
Does 45 divide 17962?
False
Is 63 a factor of 2394?
True
Is 9450 a multiple of 9?
True
Is 37994 a multiple of 11?
True
Is 5 a factor of 1190?
True
Is 7551 a multiple of 122?
False
Is 37 a factor of 2701?
True
Is 13 a factor of 17277?
True
Is 12 a factor of 1285?
False
Does 50 divide 417?
False
Is 791 a multiple of 7?
True
Does 33 divide 11613?
False
Is 7164 a multiple of 18?
True
Is 105 a factor of 24990?
True
Does 61 divide 244?
True
Is 74 a multiple of 32?
False
Does 15 divide 20160?
True
Is 8450 a multiple of 25?
True
Is 4 a factor of 1856?
True
Does 121 divide 1089?
True
Is 23 a factor of 2553?
True
Is 184 a factor of 10120?
True
Does 48 divide 144?
True
Is 12 a factor of 2211?
False
Is 421 a multiple of 54?
False
Is 75 a factor of 4281?
False
Does 170 divide 19627?
False
Is 95850 a multiple of 150?
True
Does 7 divide 2496?
False
Is 40193 a multipl